ded by 8406829.
9
What is the remainder when 161953131 is divided by 80976559?
13
What is the remainder when 839987 is divided by 785?
37
Calculate the remainder when 36791417 is divided by 18395708.
1
Calculate the remainder when 4924678 is divided by 109437.
13
Calculate the remainder when 34419 is divided by 2038.
1811
Calculate the remainder when 4500717 is divided by 84.
81
Calculate the remainder when 1504289 is divided by 1504264.
25
Calculate the remainder when 43835068 is divided by 168.
4
What is the remainder when 3644854 is divided by 2565?
2554
What is the remainder when 1632159 is divided by 509?
305
What is the remainder when 2321755 is divided by 168?
163
What is the remainder when 954187 is divided by 2718?
169
What is the remainder when 1499937 is divided by 2564?
2561
Calculate the remainder when 371522 is divided by 85.
72
Calculate the remainder when 275155 is divided by 10179.
322
Calculate the remainder when 42772 is divided by 2717.
2017
Calculate the remainder when 7611362 is divided by 52492.
22
Calculate the remainder when 1066546 is divided by 355486.
88
Calculate the remainder when 1017831 is divided by 338091.
3558
What is the remainder when 5947126 is divided by 57739?
9
What is the remainder when 50297204 is divided by 6287148?
20
Calculate the remainder when 147335 is divided by 67251.
12833
What is the remainder when 4536520 is divided by 15536?
8
Calculate the remainder when 3659896 is divided by 192619.
135
Calculate the remainder when 1359891 is divided by 23857.
42
What is the remainder when 9687103 is divided by 1187?
1183
What is the remainder when 157864 is divided by 2924?
2892
What is the remainder when 15406044 is divided by 1910?
1894
Calculate the remainder when 98810 is divided by 5802.
176
What is the remainder when 12302908 is divided by 143?
46
Calculate the remainder when 1032669 is divided by 2062.
1669
Calculate the remainder when 69767574 is divided by 425.
424
What is the remainder when 89981 is divided by 29144?
2549
What is the remainder when 1621328 is divided by 13740?
8
What is the remainder when 793609 is divided by 21?
19
Calculate the remainder when 584337 is divided by 23340.
837
Calculate the remainder when 1590211 is divided by 26069.
2
Calculate the remainder when 2129663 is divided by 2129625.
38
Calculate the remainder when 2299970 is divided by 3338.
88
What is the remainder when 384633 is divided by 3078?
2961
What is the remainder when 2409806 is divided by 1834?
1764
Calculate the remainder when 8111 is divided by 2675.
86
What is the remainder when 380652 is divided by 21546?
14370
Calculate the remainder when 101810 is divided by 4242.
2
What is the remainder when 401177170 is divided by 427?
422
Calculate the remainder when 570275 is divided by 9681.
8777
Calculate the remainder when 76924 is divided by 18260.
3884
Calculate the remainder when 9711 is divided by 7673.
2038
What is the remainder when 41465785 is divided by 17?
14
What is the remainder when 1646373 is divided by 1646340?
33
What is the remainder when 679182 is divided by 1200?
1182
What is the remainder when 27489882 is divided by 4581631?
96
Calculate the remainder when 2512615 is divided by 628139.
59
Calculate the remainder when 412527280 is divided by 222.
220
What is the remainder when 421545 is divided by 322?
47
Calculate the remainder when 214444 is divided by 16492.
48
Calculate the remainder when 140595 is divided by 149.
88
Calculate the remainder when 1027420 is divided by 3171.
16
What is the remainder when 17443837 is divided by 248?
13
Calculate the remainder when 41316 is divided by 240.
36
Calculate the remainder when 573327 is divided by 63701.
18
Calculate the remainder when 324851 is divided by 161148.
2555
Calculate the remainder when 111760 is divided by 1788.
904
What is the remainder when 21804197 is divided by 17?
14
Calculate the remainder when 236081 is divided by 1546.
1089
What is the remainder when 480387486 is divided by 76?
74
Calculate the remainder when 1232767 is divided by 674.
21
What is the remainder when 2120655 is divided by 34203?
69
Calculate the remainder when 53132285 is divided by 10.
5
What is the remainder when 477361 is divided by 255?
1
Calculate the remainder when 20815323 is divided by 63.
60
What is the remainder when 3101263 is divided by 69?
58
Calculate the remainder when 2747362 is divided by 74253.
1
What is the remainder when 1138216 is divided by 3625?
3591
What is the remainder when 11094696 is divided by 5547309?
78
What is the remainder when 695612 is divided by 1713?
134
What is the remainder when 2076100 is divided by 17594?
8
Calculate the remainder when 139171 is divided by 516.
367
Calculate the remainder when 223744 is divided by 49.
10
What is the remainder when 76785 is divided by 826?
793
What is the remainder when 1746782 is divided by 129?
122
Calculate the remainder when 946666 is divided by 236253.
1654
Calculate the remainder when 1017966 is divided by 2328.
630
What is the remainder when 2603364 is divided by 881?
9
What is the remainder when 3633743 is divided by 250?
243
What is the remainder when 27154395 is divided by 5968?
5963
What is the remainder when 1849860 is divided by 54?
36
What is the remainder when 295079 is divided by 12165?
3119
Calculate the remainder when 16474 is divided by 1374.
1360
Calculate the remainder when 449591 is divided by 748.
43
Calculate the remainder when 718204 is divided by 1199.
3
Calculate the remainder when 1312587 is divided by 93754.
31
Calculate the remainder when 1210618 is divided by 543.
271
What is the remainder when 275523 is divided by 39313?
332
Calculate the remainder when 245503 is divided by 1497.
1492
What is the remainder when 5831829 is divided by 112?
101
What is the remainder when 374245 is divided by 33831?
2104
Calculate the remainder when 12425414 is divided by 22070.
4
Calculate the remainder when 7520 is divided by 5417.
2103
Calculate the remainder when 20332260 is divided by 1006.
1000
What is the remainder when 27975 is divided by 130?
25
Calculate the remainder when 2078902 is divided by 692964.
10
What is the remainder when 45307387 is divided by 1678051?
10
Calculate the remainder when 92399 is divided by 49.
34
Calculate the remainder when 20364758 is divided by 33.
29
Calculate the remainder when 27637623 is divided by 26.
13
What is the remainder when 321667 is divided by 107213?
28
What is the remainder when 13193149 is divided by 4234?
5
What is the remainder when 573611 is divided by 194?
147
What is the remainder when 496511 is divided by 123630?
1991
What is the remainder when 27951760 is divided by 596?
552
Calculate the remainder when 126150720 is divided by 110853.
6
Calculate the remainder when 73804 is divided by 1676.
60
What is the remainder when 2621716 is divided by 72824?
52
What is the remainder when 33453952 is divided by 1020?
1012
What is the remainder when 573042 is divided by 572624?
418
Calculate the remainder when 1100730 is divided by 2193.
2037
What is the remainder when 12040225 is divided by 155?
135
What is the remainder when 65224828 is divided by 330?
328
What is the remainder when 242666 is divided by 80086?
2408
Calculate the remainder when 3826634 is divided by 452.
2
Calculate the remainder when 14834 is divided by 2105.
99
What is the remainder when 1592790 is divided by 272?
230
Calculate the remainder when 6447944 is divided by 78.
74
Calculate the remainder when 629190 is divided by 185.
5
Calculate the remainder when 9153457 is divided by 653818.
5
What is the remainder when 272794 is divided by 377?
223
Calculate the remainder when 1639414 is divided by 1212.
790
What is the remainder when 1961147 is divided by 267?
32
Calculate the remainder when 1868606 is divided by 66.
14
What is the remainder when 31388694 is divided by 157?
155
Calculate the remainder when 152800 is divided by 4908.
652
Calculate the remainder when 225506707 is divided by 13.
10
What is the remainder when 468077 is divided by 2295?
2192
Calculate the remainder when 209748 is divided by 159.
27
What is the remainder when 6515988 is divided by 17238?
24
Calculate the remainder when 238886 is divided by 15918.
116
Calculate the remainder when 